ommon factor of 434 and 480592?
14
What is the highest common divisor of 1048901 and 609?
203
Calculate the greatest common divisor of 454 and 143237.
227
What is the highest common factor of 119749 and 7?
7
Calculate the greatest common divisor of 2465 and 59653.
493
What is the highest common divisor of 24095 and 74260?
395
What is the highest common divisor of 795 and 15635?
265
What is the greatest common factor of 28313 and 46?
23
Calculate the highest common factor of 108448 and 64.
32
Calculate the highest common factor of 93 and 1131531.
93
What is the highest common divisor of 11571 and 120147?
87
Calculate the highest common divisor of 20320 and 64.
32
What is the greatest common factor of 1352756 and 7660?
1532
What is the greatest common divisor of 112775 and 800?
25
Calculate the greatest common divisor of 2 and 11698.
2
Calculate the greatest common divisor of 124795 and 55.
55
What is the highest common divisor of 436554 and 9954?
1422
Calculate the greatest common factor of 2345 and 2205.
35
Calculate the greatest common divisor of 1024 and 18.
2
Calculate the highest common factor of 79280 and 720.
80
Calculate the highest common factor of 2760 and 14620.
20
Calculate the greatest common factor of 265258 and 322.
14
Calculate the highest common divisor of 183 and 256871.
61
What is the highest common factor of 179 and 1281282?
179
Calculate the highest common divisor of 250 and 825.
25
Calculate the greatest common factor of 76 and 2554.
2
What is the highest common factor of 21 and 14142?
3
What is the highest common factor of 2 and 30055?
1
What is the greatest common divisor of 107424 and 32?
32
What is the greatest common divisor of 960323 and 26?
13
Calculate the greatest common divisor of 68890 and 70.
10
Calculate the greatest common divisor of 9632 and 2487808.
1376
Calculate the greatest common divisor of 17892 and 2367.
9
What is the greatest common divisor of 49 and 2432164?
49
What is the greatest common factor of 728 and 140400?
104
Calculate the highest common factor of 33546 and 3.
3
What is the greatest common factor of 203 and 60349?
29
What is the greatest common divisor of 463608 and 14382?
846
Calculate the highest common divisor of 49 and 44751.
7
What is the highest common divisor of 16 and 8392?
8
Calculate the highest common factor of 199 and 3166886.
199
Calculate the highest common factor of 244487 and 109.
109
What is the highest common factor of 791 and 392?
7
Calculate the highest common divisor of 11726839 and 1879.
1879
What is the greatest common factor of 12193 and 2329?
137
Calculate the greatest common divisor of 544 and 4607.
17
What is the highest common divisor of 5054 and 63?
7
Calculate the highest common factor of 406 and 13862.
58
Calculate the greatest common factor of 532913 and 1852.
463
What is the highest common divisor of 13939 and 2491?
53
What is the greatest common factor of 956380 and 4?
4
What is the highest common factor of 201 and 52997?
67
What is the highest common factor of 35 and 941990?
35
What is the greatest common divisor of 1 and 44851?
1
Calculate the greatest common divisor of 438 and 2112474.
438
What is the highest common factor of 195 and 72839?
13
Calculate the greatest common divisor of 194 and 200693.
97
What is the greatest common factor of 216297 and 297?
27
Calculate the highest common factor of 75 and 30685.
5
What is the greatest common divisor of 26572 and 1484?
28
What is the greatest common divisor of 1272 and 483201?
159
Calculate the greatest common divisor of 405780 and 1320.
60
What is the highest common divisor of 105 and 27105?
15
Calculate the highest common factor of 354 and 5900.
118
Calculate the highest common divisor of 28 and 27188.
28
Calculate the greatest common factor of 2080 and 5785.
65
Calculate the greatest common divisor of 2064450 and 150.
150
What is the greatest common factor of 9750 and 111735?
195
What is the greatest common divisor of 5 and 1621270?
5
Calculate the greatest common divisor of 291 and 12125.
97
What is the greatest common divisor of 57575 and 343?
49
What is the highest common factor of 4722964 and 804?
268
What is the highest common divisor of 3393558 and 18?
18
What is the highest common divisor of 4 and 2026748?
4
What is the highest common divisor of 66542 and 196?
98
Calculate the greatest common divisor of 67950 and 1020.
30
Calculate the highest common divisor of 29 and 1727066.
29
What is the greatest common factor of 11219 and 26?
13
What is the highest common factor of 7018 and 1334?
58
Calculate the highest common factor of 1116674 and 754.
754
What is the highest common divisor of 425 and 39575?
25
What is the greatest common factor of 15 and 670885?
5
What is the greatest common factor of 4298 and 7?
7
Calculate the greatest common factor of 110 and 4490.
10
Calculate the highest common divisor of 176902 and 172.
86
Calculate the highest common divisor of 33295 and 15.
5
What is the highest common factor of 33908 and 4536?
28
What is the greatest common factor of 489693 and 4983?
453
What is the highest common factor of 2228 and 64?
4
What is the greatest common divisor of 979748 and 2772?
308
Calculate the highest common factor of 16996 and 84.
28
What is the highest common factor of 3286 and 1984?
62
Calculate the greatest common factor of 960 and 844320.
480
What is the greatest common divisor of 868 and 62992?
124
What is the greatest common divisor of 3 and 108921?
3
What is the greatest common divisor of 33384 and 32?
8
Calculate the greatest common factor of 16095 and 7585.
185
Calculate the highest common divisor of 78808 and 8.
8
Calculate the greatest common factor of 52 and 75244.
52
What is the greatest common factor of 170 and 30056?
34
Calculate the highest common factor of 209 and 3686.
19
Calculate the greatest common factor of 333 and 10397.
37
Calculate the highest common divisor of 4216 and 10064.
136
Calculate the greatest common factor of 4277 and 103259.
611
What is the greatest common divisor of 126935 and 530?
265
Calculate the highest common factor of 2460 and 1676736.
492
What is the highest common factor of 71253 and 6318?
351
What is the greatest common factor of 39 and 1859?
13
What is the highest common factor of 870 and 942?
6
What is the greatest common divisor of 15353 and 52?
13
Calculate the greatest common factor of 1140 and 1177240.
380
Calculate the greatest common divisor of 43950 and 600.
150
Calculate the highest common factor of 34691 and 921.
307
Calculate the highest common divisor of 4836891 and 102.
51
Calculate the greatest common factor of 731 and 3196.
17
Calculate the greatest common divisor of 15 and 111765.
15
Calculate the greatest common divisor of 60059 and 10222.
19
What is the greatest common factor of 296 and 39479?
37
What is the highest common factor of 861 and 203975?
41
What is the highest common factor of 614795 and 1025?
205
What is the greatest common divisor of 325 and 126230?
65
Calculate the greatest common divisor of 1692 and 288.
36
What is the highest common factor of 344 and 387301?
43
Calculate the greatest common divisor of 3637714 and 86.
86
Calculate the highest common divisor of 143989 and 218.
109
What is the greatest common divisor of 8699592 and 528?
264
What is the highest common factor of 99 and 378477?
99
What is the highest common factor of 6996 and 142941?
159
Calculate the highest common factor of 415 and 211235.
415
What is the highest common factor of 294 and 392392?
98
What is the greatest common factor of 2244 and 67188?
132
Calculate the greatest common factor of 941 and 356.
1
Calculate the greatest common factor of 338280 and 240.
120
What is the greatest common factor of 5296772 and 1924?
1924
What is the highest common divisor of 396 and 61512?
132
Calculate the highest common divisor of 192485 and 2055.
685
What is the greatest common factor of 128 and 12356?
4
Calculate the highest common factor of 183 and 321.
3
Calculate the highest common factor of 126 and 5125428.
126
Calculate the greatest common divisor of 260 and 230932.
52
Calculate the highest common factor of 100806 and 7925.
317
Calculate the greatest common divisor of 509609 and 62.
31
Calculate the highest common divisor of 10434 